of y?
True
Let d(v) be the third derivative of v**6/120 + v**4/24 + 7*v**3/6 - 2*v**2. Let t be d(0). Is t/1 - (-1)/1 a multiple of 4?
True
Suppose 2*f = -3*f + 3*v, 3*v - 15 = 0. Suppose 4*p - 49 - 19 = -a, f*a + 4 = p. Does 8 divide p?
True
Let b(o) be the second derivative of o**2 - 1/20*o**5 + 1/2*o**4 + 0 - o - 1/2*o**3. Is b(4) a multiple of 11?
True
Let b(s) = -s**3 - 13*s**2 - 36*s. Does 15 divide b(-10)?
True
Let h(c) = -c**3 - 7*c**2 + 7*c + 12. Let o be h(-8). Suppose -4*u = 3*j - 12, -5*u - o = -3*j + 19. Is 2 a factor of j?
True
Does 11 divide (-518)/(-6) + (-12)/9?
False
Let y = 166 + -95. Does 22 divide y?
False
Let i(l) = 38*l + 1. Let c be i(-1). Let y = -15 - c. Is 13 a factor of (4 + -2)*(y + -3)?
False
Let f(n) = n**3 + 7*n**2 - 3*n - 4. Let h be f(-7). Let b = -15 + 7. Let g = h + b. Does 9 divide g?
True
Suppose 5 + 13 = 3*a. Let d = 23 - a. Is d a multiple of 12?
False
Is 198/4*(56/(-6))/(-7) a multiple of 11?
True
Suppose -4*u = -5 - 387. Is 5 a factor of u?
False
Suppose -3*b + 736 = b. Suppose -2*m - 2*m + b = 0. Does 17 divide m?
False
Is 26 a factor of (1 + 46/6)*3?
True
Let a be ((-3)/7)/(6/(-42)). Suppose -a*j = j - 140. Is j a multiple of 28?
False
Let w = -4 - -6. Let m = w - 0. Does 5 divide m/(-9) - (-47)/9?
True
Suppose -2*j + 5*d - 153 = -397, -3*j + 4*d = -352. Is j a multiple of 14?
True
Let m(w) = w**3 - 4*w**2 + 2*w - 3. Let v be m(4). Suppose -2*r + 70 + 58 = 0. Suppose -v*n + 6*j - 3*j + 88 = 0, -4*n + r = 4*j. Is n a multiple of 17?
True
Let p = 104 - -3. Is 21 a factor of p?
False
Suppose -5*s + h + h = -140, -4*s + h + 109 = 0. Does 19 divide s?
False
Let m(c) = -c + 12. Let g be m(9). Suppose 6*y - 36 = g*y. Is 6 a factor of y?
True
Suppose 0 = 5*q + 19 - 89. Suppose r - q = -z + 3*r, -2*z = -3*r - 30. Is 16 a factor of z?
False
Let i be (3 + -1)*(-87)/(-6). Suppose 5*b = i + 141. Is 13 a factor of b?
False
Suppose 5 + 17 = k. Does 11 divide k?
True
Suppose r + 0*r - 2*g = -6, -4*g + 20 = 0. Suppose 10 = q + r. Is q a multiple of 4?
False
Let l be ((-7)/2)/(1/(-2)). Let b(z) = 5*z - 11. Is 6 a factor of b(l)?
True
Let d(h) = h**2 - h. Let l be d(2). Suppose -l = o + 4. Let j = o - -57. Is j a multiple of 18?
False
Suppose 3*z = z - 2. Let b be z/5 + (-11)/(-5). Let w = 9 + b. Is w a multiple of 4?
False
Let l = 43 - 31. Is l a multiple of 5?
False
Is -3 - (-51 - (-2 - 2)) a multiple of 12?
False
Let k = 69 - 37. Suppose 33 = 5*p - k. Does 9 divide p?
False
Is 16 a factor of 2150/45 - 2/(-9)?
True
Let j(m) = -m**3 - 2*m**2 + m. Let q be j(1). Let r(i) = -i**3 + 4*i**2 + 4*i - 2. Let c(x) = -x**2 - x - 1. Let p(f) = q*c(f) - r(f). Is p(3) a multiple of 4?
False
Let i(n) = -1 + 0 + n**2 - 9*n - 7 + 10. Is i(13) a multiple of 18?
True
Suppose 0 = 51*u - 56*u + 870. Is u a multiple of 14?
False
Suppose -36 = v + 5*k, -3*k + 4*k = -1. Suppose 3*u - 6*u - 4*n = 13, 2*u = -5*n - 11. Is 5 a factor of 4/(-12) + v/u?
True
Let n be (-1)/((-1)/2) + 84. Suppose -n = -4*p - 14. Is 9 a factor of p?
True
Suppose 11 = 2*m - m - 3*t, 3*m = 5*t + 29. Suppose m + 21 = s. Is 15 a factor of s?
False
Let c be (-1)/(-3 - -4)*-11. Let b = c - 5. Is 24/(1/(b/9)) a multiple of 8?
True
Let n(c) = c - 4. Let f be n(7). Suppose 2*v - 34 = -4*w + 26, 0 = 3*w - f*v - 36. Does 14 divide w?
True
Suppose 2*s = -2*s. Suppose 0 = 3*a - 5*w - 34, 4*a + s*a - 4*w = 32. Suppose -b = 3*u - 19, -a*u = 3*b - 80 + 17. Does 10 divide b?
False
Suppose 0*i = -2*i. Suppose -55 = -i*v - v. Is v a multiple of 20?
False
Suppose 5*f + 98 = 5*l + 6*f, 4*l = 4*f + 88. Does 10 divide l?
True
Let q(t) = -2*t - 5. Suppose -7*r - 8 = -3*r - 2*i, i = 3*r + 8. Let g be q(r). Suppose -5*x - 2 + 8 = 2*d, -g*x - 2*d + 2 = 0. Is 2 a factor of x?
True
Suppose -4*a + 74 = 4*w - 54, 3*w - 90 = -5*a. Suppose 4*u - 3*v - w = 0, -u + 17 = 5*v - 3*v. Is 11 a factor of u?
True
Does 8 divide 6/(12/202) + 3?
True
Let v(n) be the first derivative of 2*n**4/3 - n**3/3 + n**2 - 2*n + 1. Let d(m) be the first derivative of v(m). Is 15 a factor of d(2)?
True
Let h be 13/5 - 2/(-5). Let i(p) be the first derivative of p**4/2 - 2*p**3/3 + p**2 + 2*p + 12. Is 15 a factor of i(h)?
False
Is (-122)/(-10) + 4/(-20) a multiple of 6?
True
Let l(h) = 5*h**3 + 2*h**2 - 2*h + 1. Let y be l(1). Let a(o) = 2*o - 2. Is a(y) a multiple of 4?
False
Let q(n) = -n**3 - 4*n**2 - 6*n - 4. Is 7 a factor of q(-4)?
False
Let w be ((-2)/3)/(2/(-63)). Suppose w = 2*c - 15. Does 7 divide c?
False
Suppose z + u - 11 + 0 = 0, -5*u + 15 = z. Suppose -18 - z = -4*q. Does 7 divide q?
True
Suppose 0*x + 10*x = 1560. Is 12 a factor of x?
True
Let b(l) = l**2 + 4*l + 1. Let k be b(-3). Does 19 divide 19*(6/k + 4)?
True
Suppose -2*q - 3*t - 2 = 0, -2*q - t - 1 = 1. Is (-1)/(q*(-1)/(-30)) a multiple of 10?
True
Suppose -5*j + 96 = -3*k, -2*k + 32 = 2*j - 0. Is j a multiple of 11?
False
Suppose 0*b - 4*b = -1156. Suppose 0 = 4*h - b - 47. Let a = h + -58. Does 13 divide a?
True
Let h(z) = 18*z**2 - 1. Let y be (-5)/(-10) - (-3)/(-2). Let v be h(y). Let s = -5 + v. Does 12 divide s?
True
Let g(j) = 3*j**3 + 3*j**2 - 2*j + 1. Suppose -5*a = -4*t - 30, -3*a + 2*t + 18 = a. Is 11 a factor of g(a)?
True
Let u be -5 - (-6)/4*2. Is 40 - u*(-2 - -3) a multiple of 14?
True
Suppose -2*x = 2*x - 192. Is 12 a factor of x?
True
Suppose -5*k + m + 0*m = -5, 0 = -2*m. Let j(w) = 8*w + 1 + 2*w + 3*w. Is j(k) a multiple of 6?
False
Suppose c + 2 = 3*c. Suppose -v = -c - 1. Suppose -v*o + 16 = -2*a, -2*a - 20 = -3*o + 5. Does 8 divide o?
False
Let l(k) = 2*k**2 + 3*k - 3. Let x = 0 + 3. Let v be l(x). Suppose -2*j = 4*c - 0*j - 54, -v = -3*c + 4*j. Is c a multiple of 12?
True
Let f be (4/(-2))/((-2)/(-2)). Let i = -25 - -37. Is (i/f - 2)/(-1) a multiple of 3?
False
Suppose -b - 31 = -2*b - 4*v, b - 2*v = 13. Is b a multiple of 18?
False
Let h(v) = v**2 + v - 22. Does 10 divide h(-9)?
True
Let b = -17 + 20. Suppose 0 = 4*n - 5*v - 130, -b*n - 32 = -4*n + v. Does 7 divide n?
False
Does 12 divide -4*3*(4 + -6)?
True
Does 30 divide ((-3)/12 - 15/20) + 143?
False
Suppose -2*r = -i + r, -4*i = -2*r. Let q = 12 + -13. Is 5*((-6)/q + i) a multiple of 15?
True
Let l = -7 - -2. Let f = l - -3. Let m(t) = -t**3 + 3*t + 1. Is 2 a factor of m(f)?
False
Suppose -154 = l - 2*l + 2*o, -2*o + 6 = 0. Is 7 a factor of l?
False
Let r(g) = 32*g. Let u = 4 - 3. Is 16 a factor of r(u)?
True
Let i(x) = x**3 - 7*x**2 + 5*x + 13. Does 15 divide i(8)?
False
Suppose 27 = 2*b - u, 5*b - 2*u = u + 68. Is b a multiple of 8?
False
Let g = -39 - -69. Suppose 5*w - 6 = 4. Let t = g - w. Is 14 a factor of t?
True
Let i(g) = -g**3 - 4*g**2 - 3*g + 2. Let a be i(-3). Suppose a*p + 3*p = -15. Is 6 a factor of 1/(p/(-27)) + 2?
False
Suppose -13 - 12 = -5*k. Let q be -54 + (2 - (k - 2)). Let s = q - -78. Is 8 a factor of s?
False
Suppose 2*f + w = -w + 62, -f = -2*w - 40. Is f a multiple of 11?
False
Suppose 4*c + 2*r = 72, -3*c = -r - 88 + 24. Does 5 divide c?
True
Suppose 2*x + 111 = 5*x. Is 15 a factor of x?
False
Let y = 72 - 36. Does 12 divide y?
True
Suppose -4*p = 5*b - 13, 5*b + 5*p - 14 = 1. Suppose u - 85 = -b. Does 26 divide u?
False
Let u(y) = 6*y - 2. Let f be u(6). Suppose 0*o - 3*o - 2*p + f = 0, -4*p + 8 = o. Is o a multiple of 7?
False
Let z = 11 - 8. Suppose z*o + 18 = 3*v - 8*v, -3*v = -3*o + 6. Let s = 13 + o. Does 12 divide s?
True
Let j(p) = 6*p**2 - 2*p + 1. Is j(2) a multiple of 5?
False
Suppose -2*z + 7*z - 20 = 0. Let s = z + -4. Suppose -h - 2*o + 6 = -s*h, -4*o = -h + 36. Is h a multiple of 5?
False
Let i = 5 + -1. Is 13 a factor of (i - 2)/(3/39)?
True
Suppose 3*o + 56 = 4*l + o, 70 = 5*l - o. Is 5 a factor of l?
False
Suppose 2*t + 3*t + 895 = 0. Let k = t + 312. Suppose u + 4*u = -3*r + 145, k = 4*u - r. Does 18 divide u?
False
Suppose 8*u - 7*u = 58. Let c = u - 28. Is 13 a factor of c?
False
Let j(d) = d**2 + 9*d + 10. Is j(-10) a multiple of 5?
True
Suppose c + 4*c = 90. Suppose b = 2*b + c. Let m = -2 - b. Does 8 divide m?
True
Suppose -1 = 4*f - 9. Suppose -l = 2*w, 2*l + 3*w + 5 = -f*w. Is 4 a factor of l?
False
Suppose 0 = -5*r + 2*m + 65, -3*r - 5*m = -22 - 17. Does 3 divide r?
False
Let w = -20 - -32. Is w a multiple of 4?
True
Suppose -5*y + 696 = 3*v, 2*v = v - 3*y + 232. Suppose 4*a = 5*b - v, 4*b - 2*a = -3*a + 194. Does 2